 z be (1/((-10)/16))/(2/(-5)). Let y = 61 - 17. Let b = z + y. What is the tens digit of b?
4
Let n = 15242 - 9137. What is the units digit of n?
5
Let m(i) = i + 5*i + i**2 - 9 - 2*i**2 + 13*i. Let b be m(15). What is the units digit of 0 + -2*b/(-6)?
7
Let v(q) = q**3 - 3*q**2 - 7*q + 29. Let k be v(3). What is the hundreds digit of 12*308/33*k/7?
1
Suppose -5*g = 4*j - 220121, 5*j + 36 = 56. What is the tens digit of g?
2
Suppose -19*w + 5*w + 779823 = 19*w. What is the units digit of w?
1
Let p = 50951 - 27534. What is the tens digit of p?
1
Let i be (3/5 + (-55)/50)*4. What is the units digit of (-10)/(-36)*152 + i/9?
2
Suppose -3856 = -3*b - 5*q, -5*b + 3*q = -7849 + 1411. What is the thousands digit of -1 + b - (66 + -68)?
1
Let z = -240 - -375. Let g be 360/27*9/2. Let s = z - g. What is the units digit of s?
5
Let c = 248 + -243. Suppose 0 = 5*u + 4*k - 1615, c*u - 2*u = k + 986. What is the units digit of u?
7
Let c be 4814/10 + (-24)/(-15). Suppose -c = -j + 4*w + 311, 4*w = -16. What is the units digit of j?
8
Let o = -32 - -53. Suppose -28*a + 31*a - o = 0. What is the units digit of (-2)/a - (-2424)/56?
3
Suppose d - 5*c + 7 = -11, 5*c = -d + 2. Let p be 6/d + (-1466)/8. Let t = -117 - p. What is the tens digit of t?
6
Let p(c) be the third derivative of 5*c**4/12 - 19*c**3/6 - 10*c**2. Let j be p(2). What is the units digit of 170/j + -1*3/1?
7
Suppose 162*g - 2646219 = 513597 + 228090. What is the units digit of g?
3
What is the hundreds digit of -1*(-5 + 6)/(3/(1*-18366))?
1
Suppose -g - 3*l = -15196, -7*g + 5*l + 30414 = -5*g. What is the units digit of g?
2
Let a(j) = 6*j + 9. Let t be a(-4). Let f be (-6)/t - (-437)/(-5). What is the units digit of 1*(-5)/15*f?
9
Suppose 4*a + 14 = -3*k - 0, 5*k - 3*a - 25 = 0. Suppose 4 + 2 = -2*f, -3*q + k*f = -264. What is the tens digit of q?
8
Let v be (-132)/(-16)*(0 + 1 + -13). What is the hundreds digit of (-7448)/(-18) - ((-176)/v - 2)?
4
Let y(n) = 155*n + 55. Let d be 4 + -8 + 28/12*3. What is the hundreds digit of y(d)?
5
Let w(h) = 5*h**2 - 4*h - 27. Let u = 176 + -187. What is the units digit of w(u)?
2
Suppose -3*z + 2085 = -2*a, -4*z - 3475 = -9*z + 2*a. What is the hundreds digit of z?
6
Suppose 0 = -18*h - 0*h + 25290. Suppose 94*j = 99*j - h. What is the tens digit of j?
8
Let h be (-283 - -1)*(0 + (-3)/(-6)). Let j be 1 - (-1 + 3) - h. Suppose 2*t = -2*m + 74, 4*m + 5*t = 3*t + j. What is the tens digit of m?
3
Let o(t) = -1691*t - 4781. What is the hundreds digit of o(-9)?
4
Suppose 4*z + 6 = 6. Suppose 3*y - 51 = 4*q, z*y + 3*y = -2*q - 3. Let w(v) = v**2 + 3*v + 20. What is the units digit of w(q)?
4
Suppose -44 = 2*b - 254. Suppose 3*n - 9*n - 132 = 0. Let c = n + b. What is the tens digit of c?
8
What is the tens digit of 2131086/357 - 9/21?
6
Let l be ((-16)/(-22))/(-4) - (-1560)/110. What is the hundreds digit of 2*(-1 - (-1547)/l)?
2
Let w = 2348 + -1610. Suppose 12*n - w = 114. What is the units digit of n?
1
What is the tens digit of (-3)/2*59*(-536)/6?
0
Suppose -88*g - 27370 = -5*o - 84*g, 0 = -8*o - g + 43792. What is the hundreds digit of o?
4
Let t(k) = -67*k - 10. Let c = -15 - -11. What is the hundreds digit of t(c)?
2
Let i = -11 + 14. Let r be (-8)/i*12/8. Let z(b) = 5*b**2 + b + 8. What is the tens digit of z(r)?
8
Let n(o) = o**3 + 10*o**2 + 8*o + 3. Let x be n(-9). Suppose -9*d = -x*d + 9. Suppose d*p + k = 217, 2*p = -0*p - k + 144. What is the units digit of p?
3
Let m(a) = a**2 - 2*a + 4. Let h be m(7). Suppose h*s - 3189 = 36*s. What is the thousands digit of s?
1
Let p(o) = -o**3 + 5*o**2 + 2*o - 28. Let k be p(4). Let d(r) = 5*r**2 - 3*r - 5. Let j be d(6). Let a = j + k. What is the tens digit of a?
5
Suppose -2518702 = 88*t - 282*t. What is the tens digit of t?
8
Let o = -2689 + 5131. Suppose -9*j + 4*j = -u - o, -2457 = -5*j - 4*u. What is the units digit of j?
9
Suppose -p + 879 = -9*n - 692, 2*p + 5*n - 3165 = 0. What is the tens digit of p?
8
Let v = 88 + -60. Suppose 0 = 5*s + 2*z - v, 5 = 2*s + z - 7. Suppose -3*k = 2*p - 296, 3*p - 536 + 143 = -s*k. What is the tens digit of k?
0
Let f be (-8)/(-7)*(-126)/(-36). Suppose -f*c + 1513 = -4763. What is the thousands digit of c?
1
What is the tens digit of (-10233990)/(-780) - 1/(-2)?
2
Suppose -79*g + 35*g = -34*g - 72990. What is the tens digit of g?
9
Let a(j) = 34*j**2 - 380*j + 9. Let b(r) = 6*r**2 - 76*r + 2. Let o(t) = -2*a(t) + 11*b(t). What is the hundreds digit of o(-16)?
7
Let l(a) = -286*a + 3447. What is the tens digit of l(-72)?
3
Let l = 63 + -58. Suppose -3*i - 6*a + 10*a + 386 = 0, 3*a = l*i - 625. What is the units digit of i?
2
Let r be 688/(-40)*(2 - -3). Let t = r - -87. What is the units digit of t/2*-15*(-55 + 25)?
5
Let s = 65213 + -10570. What is the ten thousands digit of s?
5
Let f(v) = 4*v + 9. Let a be f(5). Let m be (a/(-2) - -4)*(2 - 20). Suppose 4*n - 227 - m = 0. What is the hundreds digit of n?
1
Suppose -52*c = -42*c - 344412 - 311298. What is the hundreds digit of c?
5
Let x(i) = 61*i**2 - 6*i + 7. Let w be x(2). Suppose r - 2*z - 77 = w, -5*r = 3*z - 1645. What is the units digit of r?
6
Suppose 10 + 4 = b. Let z be 97 - b/2 - (0 + 0). Suppose -2*i + 3*p + z = -0*i, -3*i + 4*p + 136 = 0. What is the tens digit of i?
4
Suppose 41*a - 93906 + 5738 = 60867. What is the hundreds digit of a?
6
Let b(z) = -z**3 + 16*z**2 - 13*z - 12. Let u = 37 - 23. Suppose -u = -2*g + 16. What is the tens digit of b(g)?
1
Suppose 2 = -2*w, 3*w + 2*w = 4*b - 5661. Let i = 2179 - b. What is the units digit of i?
5
Suppose 2991 = 5*w - q, 1801 = 4*w - w + q. Suppose 3*z + 3018 = 4*x + x, -w = -x - 4*z. What is the hundreds digit of x?
6
Suppose -2*j - 14 = 5*c + 14, -5*c - 16 = -j. What is the tens digit of (4 + -3)/(c/(-604))?
5
Let w be (6/(-18))/(6/(-36)). Suppose 2*a + 34*q = 31*q + 2294, 5*a + w*q = 5724. What is the tens digit of a?
4
Let j be -2 + 1 - (-3 + 75). Suppose 0 = 24*r + 2438 - 758. Let w = r - j. What is the units digit of w?
3
Let l(h) = 3*h - 3*h**3 + 2*h**3 - 2316 - 18*h**2 - 12*h + 2292. What is the units digit of l(-20)?
6
Let s(p) = 52*p**2 + 111*p + 1640. What is the units digit of s(-18)?
0
Suppose 3879*p + 471008 = 3895*p. What is the hundreds digit of p?
4
Let c(r) = -3336*r + 2974. What is the thousands digit of c(-7)?
6
Suppose 5*m = 3*k + 128, 2*k + 92 = 4*m - 3*k. What is the units digit of (-1 + 0 + 3)*602/m?
3
Suppose 2*h - 1237 = -3*v, 5 + 0 = v. Let w(m) = 3*m + h - 4*m - 360 + m**2. What is the tens digit of w(0)?
5
Let c be 2818 + (-10)/(-25)*(-4 - 6). Suppose 0 = 27*r - 21*r - c. What is the units digit of r?
9
Let d be 2 + (-8)/5 - (-206)/10. Let y be 23/7 - (54/d)/9. What is the units digit of -4 + 153 + -1*(y - 0)?
6
Suppose 31*m = 30*m + 5*p + 13022, 0 = 4*m + 5*p - 51938. What is the tens digit of m?
9
Let c = 7802 - 6560. What is the thousands digit of c?
1
Let n be (-433)/3 - (-11)/(29 - -4). Let b = n - -398. What is the units digit of b?
4
Let i(s) = 20090*s + 409. What is the ten thousands digit of i(3)?
6
Let u = -535 - -531. What is the units digit of (u*5301/(-72))/(2/4)?
9
Let u = 471 - 295. Let k = 278 + -381. Let o = k + u. What is the tens digit of o?
7
Let r(y) = y**3 - 11*y**2 + 9*y - 12. Let d = -32 + 40. Let j be r(d). Let g = j - -222. What is the tens digit of g?
9
Suppose -4*p + q + 22 = 0, -4*p + 3*q + 30 = -2*q. Let y(g) = -1738*g**2 + 7*g - 22 - 1717*g**2 + 3456*g**2. What is the units digit of y(p)?
8
Let b(u) = 10*u - 38. Let h be b(11). Let d = -70 + h. Suppose -4*y = y + d*p - 120, -4*y + 2*p = -114. What is the tens digit of y?
2
Let l(v) = v**3 - 20*v**2 + 6*v + 31. Let c be l(20). Suppose b - c = 168. What is the tens digit of b?
1
Let v(f) = -f**2 - 62*f - 211. Let x = 526 + -547. What is the units digit of v(x)?
0
Suppose 0 = 4*d + 42 - 50. Suppose 0 = -d*w + 15 + 689. What is the tens digit of w?
5
Let o(j) = -19*j**3 + 21*j**2 + 7*j - 10. What is the tens digit of o(-7)?
8
Let d(v) = v**3 + 4*v**2 + 13*v - 8. Let t be d(9). Let q = -706 + t. Suppose 0*a + 4*a = -g + q, 342 = 3*a + g. What is the tens digit of a?
1
Let n = 745 + -500. Suppose -n = -4*p + 127. Let o = p - 66. What is the tens digit of o?
2
Suppose 0 = 4*a + 5*f + 12, -2*a + 3*f + 13 = 19. Let k(o) = 55*o - 4. Let y be k(3). Let q =